What is the greatest common factor of z and m?
43
Let c = 1051 - 1022. Let k(u) = 4*u**2 - 2*u - 3. Let p be k(7). Let d = p + c. Calculate the highest common divisor of d and 26.
26
Let s(p) = 4*p - 8. Let u be s(2). Suppose u = -57*j + 59*j - 24. Calculate the greatest common divisor of j and 384.
12
Let m(q) = 51*q**3 - 1. Let f be m(-1). Let x = -46 - f. Let l = x + 5. What is the greatest common divisor of 1 and l?
1
Let r be ((-12)/(-10))/((-4)/(-10)) - 6. Let o be (-1 - (42 - -1))/(1 + r). Suppose o*w - 27*w + 420 = 0. What is the greatest common divisor of 14 and w?
14
Let c be 2/(-4) - (-602)/4. Suppose 3*h - 5*n + 64 = 0, -4*h + n - 52 = 39. Let g = 123 + h. Calculate the highest common divisor of c and g.
50
Let c be 34*17 + 11*32/264*-3. What is the greatest common factor of c and 902?
82
Let m be (4 + -9 - -15)*(-14)/(-5). Let s be (-42)/(-4) + (-14)/m. Calculate the highest common divisor of 95 and s.
5
Suppose 2*d + 34 = 2*b - 3*d, -4*b = 4*d - 68. Suppose 145 = 4*j + v, 116*v + 77 = 2*j + 117*v. Calculate the highest common divisor of j and b.
17
Let f = 51993 - 38840. What is the greatest common factor of 7 and f?
7
Suppose 2*n - 12*w + 17*w - 120 = 0, 3*n + 3*w - 180 = 0. Calculate the greatest common factor of 345 and n.
15
Let z = 16 - -3. Suppose -z*x + 24*x - 195 = 0. Suppose -u + 25 = 3*i, -5*u + i = -42 - 19. What is the highest common factor of x and u?
13
Let j be (-10)/(-2)*5/25. Let c be (-336)/12 + j*-4. Let t = c - -177. Calculate the highest common divisor of 29 and t.
29
Suppose 0 = 5*g + h - 5*h - 1211, -728 = -3*g + h. Let i be -1 - (0 + -24) - (2 + -6). Calculate the greatest common divisor of i and g.
27
Let s = 229 - -107. Let n = 38 - 38. Suppose u + 243 = 5*g, -5*g + n*u + 246 = -2*u. Calculate the greatest common divisor of s and g.
48
Let w(m) = 25*m**2 - 12*m - 45. Let j be w(-8). What is the greatest common divisor of 52 and j?
13
Suppose 2278 = 36*j + 1810. Calculate the highest common factor of j and 104.
13
Suppose -54 = -4*w - 6. Let n be (56 - 0/2) + 11 + -1. What is the highest common divisor of w and n?
6
Let r(c) = 5*c**2 + 7*c + 10. Let d be r(7). Suppose -275 = -5838*v + 5870*v - 787. What is the highest common divisor of v and d?
16
Let s(n) = 51*n - 1208. Let h be s(28). Calculate the greatest common divisor of h and 396.
44
Suppose 0 = -4*x + 19*x - 171 - 234. What is the highest common factor of 189 and x?
27
Suppose -380*o - 17398 = -83898. Let x = 11 + -4. Calculate the highest common factor of o and x.
7
Let o be 26/(-6) + 3 - (-86)/6. Suppose -3*d + 137 + o = 0. Calculate the greatest common factor of d and 50.
50
Let j be (2/(-2))/((-2)/10). Suppose 4*z = 41*z - 2405. What is the highest common factor of z and j?
5
Suppose 4466 + 3956 = 47*c + 2641. Calculate the greatest common divisor of c and 3034.
41
Suppose -j - 28 = 2*c, 5*c + 69 = -2*j - 0*j. Let w be 3*(-10)/(-75) - c/5. Let b be 11 - (4/w)/(1/3). What is the highest common divisor of b and 189?
7
Let u(c) = c**3 + 6*c**2 + 11*c + 44. Let x(h) = h**2 + 7*h - 5. Let k be x(-7). Let q be u(k). What is the highest common factor of q and 6?
2
Let v(j) = 9*j**3 + 55*j**2 - 12*j + 7. Let i be v(-6). Suppose 0 = 2*m + 5*o - 143, -m - 4*o + 30 = -43. What is the greatest common divisor of i and m?
23
Suppose -3948 - 285 = -83*d. What is the highest common factor of 21 and d?
3
Suppose n = 4*l - 91, -2*l + 2*n + n + 33 = 0. Suppose -4*m + 1176 = l*m. Calculate the greatest common factor of 18 and m.
6
Suppose 2*a = 5*q + 261, 0 = -5*a + 9*q - 13*q + 636. What is the highest common divisor of 752 and a?
16
Suppose 5*i = -4*t + 40, 3*i - 10 + 0 = -t. Suppose 0 = -4*c + t*c - 330. Let v be (2/(-8))/(-1) + c/4. Calculate the greatest common factor of 182 and v.
14
Let u(w) = -3*w**2 - 6*w - 2. Let j(v) = v + 2. Let l be j(-6). Let n be u(l). Let i = 39 + n. What is the greatest common divisor of i and 65?
13
Let t = 28 + -28. Let d(x) = 6 - 2*x + t - 2*x**2 + 8 - 5. Let f be d(0). What is the greatest common divisor of f and 81?
9
Suppose 750*i = 762*i - 60. Let u(n) = -15*n - 5. Let t be u(-4). Calculate the highest common divisor of t and i.
5
Let t be 4468/8 - 1/2. Suppose t = -5*v - v. Let j = v + 94. What is the highest common factor of 1 and j?
1
Let w be 1506/14 + -2 - 12/21. Suppose 7*a - 4*y - 163 = 2*a, 2*y = 6. Calculate the greatest common divisor of a and w.
35
Suppose -10903*h + 42420 = -10893*h. What is the highest common factor of h and 63?
21
Suppose 3*y + 0*y = z + 17, z = 2*y - 12. Suppose 0 = y*b + 400 - 1300. Calculate the highest common divisor of 45 and b.
45
Let h be 85/20*9 - 3/12. Suppose -2*z - b + 489 = 68, 0 = -3*z - 5*b + 642. What is the greatest common factor of h and z?
19
Let i = 5992 - 5968. Calculate the greatest common factor of 10032 and i.
24
Suppose 4*d - 101 + 1 = 0. Let x = 21 - 36. Let k be -1*-110*x/(-6). What is the highest common factor of d and k?
25
Let i = -1000 - -2729. Calculate the greatest common divisor of 364 and i.
91
Suppose -3*l = 5*k - 193, 5*l + 2*k = k + 307. Calculate the greatest common factor of 4819 and l.
61
Let u(y) = 5*y**2 + y + 1. Let w be u(-1). Let p = 234 + -59. Suppose 5*q - 50 = p. Calculate the greatest common divisor of q and w.
5
Suppose -5*k = 4*l - 338397, 289*k - 4*l + 67705 = 290*k. What is the greatest common divisor of 37 and k?
37
Let z be 4/10 + 476/85. Suppose 2*g + 15*u - 18*u = -9, z = -3*g + 3*u. Let y be (6/9)/((-2)/(-3)). What is the greatest common divisor of y and g?
1
Suppose 0 = -2*g - 2*a + 144, -8*a = 2*g - 13*a - 102. Calculate the highest common divisor of 2013 and g.
33
Suppose -g + 64 = -k, -5*g + 2*k + 165 = -146. Let y = g + -59. Suppose -y*r + 54 - 4 = 2*u, 5*u = 5*r - 125. Calculate the highest common factor of 125 and r.
25
Suppose 3*t + m - 190 = 62, 0 = 4*t - m - 336. Let g = -6035 + 6091. Calculate the highest common factor of g and t.
28
Suppose 66*x = 5*x - 15*x + 49096. Calculate the greatest common factor of x and 238.
34
Let g = -14844 - -14865. What is the greatest common factor of g and 1393?
7
Let y(r) be the second derivative of -3*r**5/20 - r**4/6 - 7*r**2/2 + 3*r. Let g be y(-3). Let t = g - 11. Calculate the highest common divisor of t and 5.
5
Let p(j) = -j**3 - 17*j**2 + 16*j - 7. Let g be p(-18). Suppose -2*k = 3*f - 777, 2*f - 531 = 5*k - 2*k. What is the greatest common factor of f and g?
29
Suppose 3 = -17*s + 18*s, 0 = -v + 3*s + 56. Let b be 130 + (0 - (-1 + 1)). Calculate the highest common divisor of b and v.
65
Let p = 4850 + -4826. Calculate the greatest common factor of 152 and p.
8
Suppose -903 + 497 = -4*i + 2*j, 3*i = -j + 292. What is the greatest common factor of i and 225?
9
Suppose -679*x = -683*x - 964. Let i = 305 + x. Calculate the greatest common divisor of 48 and i.
16
Let n = 55315 + -15894. Calculate the highest common factor of n and 79.
79
Let h(z) = z**3 + 2*z**2 + 2*z + 4. Let u(f) = 26*f + 208. Let c be u(-8). Let y be h(c). What is the highest common factor of y and 4?
4
Suppose -24*p + 1338 = 411 - 993. Let n be -2 + (3 - -200 - 1). What is the highest common factor of p and n?
40
Suppose 3*j - t = 129, -4*t = 3*j - 64 - 80. What is the greatest common divisor of j and 2662?
22
Suppose -4*n = 3*u - 2060, -191*n = u - 190*n - 687. What is the highest common divisor of u and 43?
43
Suppose 375 = 4*u - 6*q + 9*q, 2*u - 5*q = 207. Let g be ((-140)/24)/((-16)/u). Let d = 1 + 4. What is the greatest common divisor of g and d?
5
Suppose 0 = -487*m + 212*m + 182325. What is the greatest common factor of 1105 and m?
221
Suppose -31*m + 87 = -192. What is the highest common divisor of m and 5517?
9
Let u be (3 - -3 - 5)*-2. Let y be (4/6)/(2/(-156)*u). Calculate the greatest common divisor of y and 117.
13
Let f(b) = 8*b**2 + 31*b + 13. Let x be f(-12). Let h(p) = 2*p**2 + 18*p - 127. Let d be h(5). What is the highest common divisor of d and x?
13
Suppose 22 = -q + 15, -5*v + 55457 = -q. Calculate the greatest common divisor of 20 and v.
10
Let b(f) = -142*f - 2332. Let u be b(-19). Calculate the greatest common divisor of 3416 and u.
122
Let q be (1 - 1444/(-8))/((-84)/(-392)). Calculate the greatest common divisor of 1815 and q.
121
Suppose 5 = -4*j + 1. Let v = j - -2. Let n be (333/66